- -2 - (22 + -12)) + -8.
-11
What is (-9 - -14) + (2 + -7 - 2)?
-2
Evaluate -23 + 8 + 0 + 0 + 0 + 2.
-13
-1 + -14 - -17 - -10 - 17
-5
What is (-1 + 2 - (6 - 0)) + (-68 - -61)?
-12
Evaluate 1 - 9 - (-3 - 1 - 7).
3
Calculate 1 - (-1 - -1) - 0 - (167 + -161).
-5
Calculate 13 - (8 - 0 - -16).
-11
Evaluate 3 + 0 + 5 + -11.
-3
What is 28 + (-25 + -7 - -20)?
16
What is the value of 12 + -22 - (-21 - 1 - -2 - 3)?
13
Evaluate (28 - 35) + 2 + 1 + 5.
1
5 - ((-4 - (-9 + 8 - -6)) + 0)
14
-6 + -10 + 9 - 5
-12
Calculate (0 + -14 - -13) + -1 + -1 + -9.
-12
-53 + 87 + (-68 - -2)
-32
Calculate -8 + (26 - (-2 + -10 + 11)).
19
(5 - 0) + (3 - 10) - (-6 + -6)
10
What is the value of 15 - (1 + 2 - -5 - (-5 + 11))?
13
Evaluate -10 + 24 + -3 + 2 + -18.
-5
Calculate -1 - 8 - (57 - 41) - (-2 + -2).
-21
Calculate (-7 + -5 - (-12 + 17)) + -3.
-20
Evaluate 12 - (-9 + -5 - (-18 - 17)).
-9
Calculate 5 - (-7 - 9 - -21) - -2.
2
Evaluate (-5 - -1) + 25 + -16 + -1.
4
Calculate 0 + (2 - 6) + (8 - -13) + -3.
14
Calculate -1 + (-4 - -1 - (-16 + 0)).
12
What is -1 + 32 + -3 + -10?
18
What is (-4 - (-6 + 2)) + 10?
10
What is -35 + (-1 + -3 - (-35 + (-45 - -67)))?
-26
2 + -8 + 11 - (1 + -2)
6
Calculate 8 + (-7 + 0 - (-20 + 20)) - 12.
-11
What is 2 - (3 + -8 - -16) - -37?
28
What is the value of 12 + (-27 - (-13 - (7 + -13)))?
-8
What is the value of 19 - (17 + 24 + -19)?
-3
What is the value of 2 + (1 - (1 + -4) - (-11 - -10))?
7
-13 - ((-6 - (-5 + 7)) + -1)
-4
Calculate -12 + (-15 - (-8 + 0)) + 1 + 7.
-11
Calculate -4 + (-2 - -6) - (101 + -97).
-4
Evaluate (-14 - (14 + -38)) + (-30 - -32).
12
-10 - ((57 - 52) + 3 + 4 + -4)
-18
What is -2 - (-1 - -11 - (-7 + 15))?
-4
What is the value of (-2 - (11 - 3)) + 10 + -4?
-4
Calculate -14 - ((-21 - -12) + -12).
7
Calculate 9 - (3 - (5 - (-6 + 14))).
3
4 - (10 - (8 + 27)) - 1 - 7
21
62 + -68 - (-24 + -1)
19
Calculate -5 + 11 + (-6 - -4).
4
What is -11 + (-2 + 23 - (9 + 2))?
-1
-9 - (-16 + 24 + -4)
-13
What is -9 + (6 - (-7 - -15))?
-11
Evaluate 4 - (-8 + 15 - 0) - -1.
-2
What is (1 - -6) + -276 + 269?
0
Evaluate -46 - (-28 + -7) - -21.
10
What is 9 + -2 + 2 + 1?
10
What is 7 + -10 - 7 - -3?
-7
What is the value of -4 + (15 - 9) + -3?
-1
Calculate 33 - 37 - (10 + -5 - 21).
12
What is -17 + 11 + 0 + -2 - -2?
-6
What is 1 - (7 + 2) - (-191 - -188)?
-5
Evaluate (-12 + 0 - (-22 + 14)) + (-1 - -7).
2
Evaluate 8 + (42 - 15) + -18.
17
(2 - -34) + -6 - 28
2
What is 31 + (-11 - 6) + -37?
-23
Evaluate -31 - (10 - 11) - -9.
-21
Evaluate ((-1 - -1) + -3 - 4) + 12.
5
What is the value of -29 - (-75 + 46) - -4?
4
Calculate -230 + 257 + (-3 - 35).
-11
Evaluate (-2 - (0 + 5)) + 24 + -8 + -22.
-13
-10 - (-14 + 2 + -2)
4
Evaluate -11 - (-6 - (6 - (6 - 5))) - -1.
1
What is (1 - -15) + -50 + -36 + 77?
7
What is the value of -12 - 6 - -11 - 20?
-27
What is 1 + -12 + 9 + (-6 - -3)?
-5
Calculate 4 - (-9 + (-3 - -24) + -3).
-5
Evaluate 7 - ((-6 + 0 - -14) + -8).
7
What is the value of (20 - 0) + (-4 - 0 - 9)?
7
Evaluate -1 + (-16 - 2) - -11.
-8
Evaluate -49 + 28 + 13 + 4 + 1.
-3
What is the value of -11 + (-19 + -7 - -16)?
-21
What is the value of (1 - -5) + (64 - 67 - (9 + -1))?
-5
Calculate 674 + -685 + (-1 + 2 - 8).
-18
Evaluate -12 - (11 - -1 - (49 - 44) - 0).
-19
Evaluate 18 - (15 - (-14 - -15)).
4
Calculate 11 + (5 - (9 + 1 + 1)).
5
Calculate -8 + 13 - 17 - (-6 + -1) - -33.
28
-52 + 6 + (3 - (-1 - 0)) - -11
-31
What is the value of (-9 - -3 - 8) + 12 - -21?
19
What is 9 + 4 + (0 - -8) + -5 + -7?
9
What is the value of -13 + 16 + (0 - 1) + -1 + 3?
4
What is 1 - (-7 + -1 - -9 - 4)?
4
What is 25 + -24 + -40 + 4?
-35
Evaluate (0 - -14) + -31 + 13.
-4
Evaluate 4 + 4 + (0 - (7 + -9) - 4).
6
What is the value of 23 - (-18 + 32) - 17?
-8
Calculate 12 + (-40 - (-8 + -3 + 4)).
-21
What is (33 - 34) + (-17 - (6 - 11))?
-13
What is the value of (1 - -10) + (-52 - -44)?
3
-17 - ((9 - 12) + -1)
-13
(6 + (3 - -1) + -3 - 3) + -16
-12
-60 - -82 - (-2 - -13)
11
1 + 3 - (52 - 55)
7
What is the value of (-7 - -8) + 11 + -13 + (-11 - -13)?
1
Evaluate -10 + (62 - 58) + -1 + -11.
-18
-24 - (-17 - (-32 + 21))
-18
What is the value of -9 + -2 + 17 + (14 - 19)?
1
Calculate 37 + (17 - 22) + -12.
20
Evaluate -1013 - -988 - (0 - 21).
-4
Evaluate -7 - (-7 - (-5 + 3) - -6).
-8
-8 - -12 - (-9 - -6 - 1)
8
2 - ((8 + 7 - (-4 - -5)) + -9)
-3
What is -2 - (-4 + 4) - (-20 + 22 + -3)?
-1
(69 - 73) + 3 + (4 - 2)
1
Calculate 1 - -3 - (1 + -5 + (29 - 9)).
-12
Evaluate (-1 - -10) + -487 + 476.
-2
Calculate 32 + -20 + 1 - 3.
10
(19 - -1) + -150 + 130
0
10 + -32 + 38 - (1 + 2)
13
What is 9 - ((-10 - 3) + 22)?
0
Calculate 5 + (-12 - 0) + 7 - -13.
13
Calculate (-74 + 79 - (23 - 1)) + 8 + 23.
14
Evaluate -13 + (-1 - -6) - (-5 - 0).
-3
What is the value of (0 + -13 - -1) + -29 + 24?
-17
What is 4 - (-2 - (-9 - (-5 - -13)))?
-11
What is the value of -22 - (-6 - (35 + 3))?
22
-10 - (-4 + (-2 - 0 - (-13 - -9)))
-8
What is 10 - (-6 + 3 - (3 + (7 - 17)))?
6
Calculate 19 + (8 - 16) - 5 - (10 + 0).
-4
Calculate -8 + (7 - (-6 + 2 - 0)).
3
Evaluate -277 + 263 + 0 + 0 + -14.
-28
Evaluate 5 + -2 - 4 - ((-42 - 1) + 49).
-7
-5 - (-18 + 13 - -4) - -7
3
6 + (-3 - -4) - (15 + (-12 - -3))
1
What is (3 - -21) + -15 + -5?
4
(-1 - -16) + (23 - (1 - -15))
22
What is 35 - (19 + 26) - -26?
16
Evaluate 23 + -20 + (3 + -1 + 0 - 9).
-4
What is 4 + 7 + -5 + 2?
8
Evaluate -3 + 6 + 2 + (-4 - 11).
-10
Evaluate -1 + 3 + -1 - (16 - (-11 - 5)).
-31
Evaluate -19 + (2 + -14 - -15) + -7.
-23
2 - ((-14 - -10) + 25)
-19
-39 - ((99 - 104) + (-11 - 0))
-23
What is the value of 21 + 4 + -5 + 163 + -170?
13
Evaluate 6 + ((2 - 2) + 3 - 2).
7
Evaluate -7 + -3 + 9 + 9.
8
Calculate 4 + 25 + -59 + 41.
11
Calculate -12 + -1 + -2 + (-1 - (-3 + -4)).
-9
What is the value of -13 + 2 + 232 + -223?
-2
Calculate (-2 + 11 - -17) + 4 + 8 + -5.
33
Evaluate (-37 + (12 - -1) - -28) + 0 + -42.
-38
0 + 5 + -19 - (2 - 2)
-14
(-6 - (-3 - (2 - 3))) + -18 + 10
-12
What is (-8 - (-6 - 7)) + -11?
-6
-1 - (-1 + -27 - -13)
14
What is the value of (-25 - (23 + -32)) + 1?
-15
Evaluate 36 + (12 - 29) - (6 + 5 + -3).
11
Calculate -12 - (-10 - (5 - (-4 + 12))).
-5
9 - (-8 - (7 - 16))
8
What is 0 + -4 - (83 - 86)?
-1
What is 348 - 348 - (0 + -1 - (0 - -3))?
4
Calculate (-5 - -17) + -8 + (-5 - -2 - 2).
-1
-5 + (2 + 1 - -6) - -9
13
Evaluate -31 + 10 + -23 - (-13 + -5).
-26
What is (27 - (31 - -2)) + 5 + (-2 - -1)?
-2
What is -36 - (-56 - (29 - 36))?
13
Evaluate (-5 - 4 - 17) + 1 - (-1 + 3).
-27
What is -12 + (-2 - (1 - 5)) - (-273 + 270)?
-7
Evaluate 12 + -39 + (2 - -7) - (-1 + -6).
-11
Calculate 3 + 38 + -32 + (-11 - -1) - -2.
1
1 + 12 - (0 - 19 - -23)
9
-60 + 27 + (0 - -5)
-28
Calculate 26 + (1 + -31 - 8).
-12
What is (-10 - 3 - 3) + (41 - 33)?
-8
Calculate (-6 - (-7 + -1 + 8)) + -5.
-11
14 - (-11 + 33 + -19)
11
Calculate 16 + -14 + (-6 - -5).
1
-1 - (-1 - -3 - (57 - 61)) - -28
21
28 + -45 + -6 + 17
-6
What is -9 + (69 + -36 - 15)?
9
What is 0 + 1 + 24 + (-12 - -2) + -3?
12
-26 + 65 + -26 + 6
19
What is (-19 - (11 + -3 + -15)) + 17?
5
39 - (-2 + 19 + -7)
29
Evaluate 0 - 0 - (-1 + 9 + (-51 - -48)).
-5
Evaluate -6 - 1 - (209 + -234 - (-2 + 1)).
17
-6 + (4 - -10) + -15 - -23
16
Evaluate (-6 - -8 - 7 - -3) + 7 + -5.
0
What is the value of 66 + -60 + -18 + 2?
-10
Evaluate 31 + (-59 - (-26 + -5)).
3
What is the value of 23 - (26 - 33 - -24)?
6
(-2 - -15) + -16 + 17
14
What is the value of (0 - -5) + (27 - -1 - (51 + -34))?
16
0 + (-17 - -30 - -10)
23
What is the value of -17 - (14 + -33) - (5 + -17)?
14
What is the value of (27 - 34) + (1 - -1 - (1 + -1))?
-5
What is 0 + -2 + 13 + 24 + -26 - 5?
4
What is 6 + -6 + (-10 - -1 - -10)?
1
-5 + 5 + (-26 - -15) - (6 - 1)
-16
What is the value of -4 + 7 + -4 + -10?
-11
Evaluate 13 - -7 - (28 - -13).
-21
Evaluate (1 - 3) + 1 - (-44 - -48).
-5
What is the value of (6 - 7) + -27 + 5?
-23
What is (-2 - 10) + -3 + 11 - (0 + 11)?
-15
Evaluate (-93 - -65) + 6 + 1.
-21
What is 1 + 1 + -7 + 6 + 17?
18
Evaluate 5 + 7 - (-20 - -71 - 17).
-22
Calculate 50 - (-18 - -54) - 40.
-26
Calculate 16 - ((-2 - 0) + 66 + -62) - -5.
19
What is (0 - (-8 - 5)) + -10?
3
What is (-36 - -50 - (-1 + 12)) + (-17 - 0)?
-14
What is 0 - -10 - (-9 - (3 - 25))?
-3
Evaluate -9 + 31 - (5 + -1) - 7.
11
What is (-6 - 11 - (4 - 3)) + 7 + 0?
-11
-15 + 5 + 19 + -17
-8
What is -6 + 9 - 